divided by 5572?
10
Calculate the remainder when 18753604 is divided by 194.
12
What is the remainder when 3569247 is divided by 1686?
1671
What is the remainder when 143505 is divided by 4604?
781
What is the remainder when 382873 is divided by 22064?
7785
What is the remainder when 66965965 is divided by 306?
7
Calculate the remainder when 7562501 is divided by 6525.
26
What is the remainder when 189720 is divided by 4493?
1014
What is the remainder when 40469 is divided by 13418?
215
What is the remainder when 161650 is divided by 15887?
2780
Calculate the remainder when 105248509 is divided by 10.
9
What is the remainder when 101688 is divided by 12041?
5360
Calculate the remainder when 39908263 is divided by 57.
55
What is the remainder when 736879 is divided by 736799?
80
Calculate the remainder when 6125517 is divided by 60.
57
What is the remainder when 1182933 is divided by 11266?
3
What is the remainder when 24146097 is divided by 54?
51
What is the remainder when 542999733 is divided by 8?
5
What is the remainder when 60246 is divided by 1406?
1194
Calculate the remainder when 854485 is divided by 864.
853
Calculate the remainder when 65347 is divided by 8165.
27
Calculate the remainder when 7045115 is divided by 256.
251
Calculate the remainder when 1798841 is divided by 119905.
266
Calculate the remainder when 63697 is divided by 414.
355
Calculate the remainder when 20398662 is divided by 79.
72
What is the remainder when 8651273 is divided by 14?
1
What is the remainder when 32608 is divided by 30668?
1940
Calculate the remainder when 6921244 is divided by 256342.
10
What is the remainder when 11520728 is divided by 338?
336
What is the remainder when 293028 is divided by 146452?
124
What is the remainder when 20756433 is divided by 38?
35
What is the remainder when 38175809 is divided by 704?
1
Calculate the remainder when 22552287 is divided by 2819029.
55
Calculate the remainder when 59376979 is divided by 94.
93
Calculate the remainder when 94237 is divided by 72.
61
What is the remainder when 35891958 is divided by 777?
774
What is the remainder when 33894225 is divided by 1355769?
0
Calculate the remainder when 249048 is divided by 90.
18
What is the remainder when 9118337 is divided by 701408?
33
What is the remainder when 117024556 is divided by 86?
56
Calculate the remainder when 72868 is divided by 1969.
15
Calculate the remainder when 30677101 is divided by 387.
385
Calculate the remainder when 68178 is divided by 652.
370
What is the remainder when 14318294 is divided by 3576?
3566
What is the remainder when 10947353 is divided by 100?
53
Calculate the remainder when 433102 is divided by 142948.
4258
What is the remainder when 383825 is divided by 908?
649
What is the remainder when 117234 is divided by 8372?
26
Calculate the remainder when 32903 is divided by 4700.
3
What is the remainder when 498694 is divided by 16086?
28
Calculate the remainder when 43559 is divided by 1284.
1187
Calculate the remainder when 321640 is divided by 563.
167
What is the remainder when 832126 is divided by 611?
555
What is the remainder when 1789492 is divided by 534?
58
Calculate the remainder when 531714 is divided by 14.
8
Calculate the remainder when 14616733 is divided by 664395.
43
What is the remainder when 207675045 is divided by 12?
9
What is the remainder when 5491468 is divided by 2745715?
38
Calculate the remainder when 110637 is divided by 1844.
1841
Calculate the remainder when 7868655 is divided by 172.
171
What is the remainder when 39135198 is divided by 3165?
3138
Calculate the remainder when 105601 is divided by 1135.
46
What is the remainder when 297438 is divided by 6323?
257
Calculate the remainder when 374491 is divided by 2078.
451
What is the remainder when 3665795 is divided by 46?
9
Calculate the remainder when 246388 is divided by 751.
60
Calculate the remainder when 50634820 is divided by 4018.
4002
Calculate the remainder when 4578 is divided by 762.
6
What is the remainder when 109934 is divided by 52255?
5424
Calculate the remainder when 11866115 is divided by 948.
947
What is the remainder when 34050 is divided by 8442?
282
Calculate the remainder when 1361304 is divided by 583.
582
What is the remainder when 308011 is divided by 695?
126
What is the remainder when 11125076 is divided by 57?
44
Calculate the remainder when 61828669 is divided by 16.
13
What is the remainder when 5623 is divided by 1420?
1363
What is the remainder when 6032171 is divided by 3095?
16
What is the remainder when 4530029 is divided by 1731?
2
Calculate the remainder when 4384580 is divided by 302.
144
Calculate the remainder when 1605 is divided by 703.
199
What is the remainder when 6666174 is divided by 2228?
2226
What is the remainder when 483450 is divided by 7789?
532
What is the remainder when 85554 is divided by 368?
178
Calculate the remainder when 927422 is divided by 46371.
2
What is the remainder when 864641 is divided by 432311?
19
Calculate the remainder when 641852 is divided by 4279.
2
Calculate the remainder when 577088 is divided by 3336.
3296
What is the remainder when 1854909 is divided by 618282?
63
What is the remainder when 282251 is divided by 1721?
7
What is the remainder when 21915993 is divided by 10957996?
1
Calculate the remainder when 2907429 is divided by 1453694.
41
Calculate the remainder when 3926032 is divided by 981271.
948
What is the remainder when 328281878 is divided by 40?
38
What is the remainder when 104568 is divided by 512?
120
Calculate the remainder when 1918339 is divided by 68.
59
Calculate the remainder when 81098613 is divided by 36.
9
What is the remainder when 23039895 is divided by 80?
55
Calculate the remainder when 60243599 is divided by 240.
239
Calculate the remainder when 25262458 is divided by 2296586.
12
Calculate the remainder when 27388 is divided by 24498.
2890
What is the remainder when 2194462 is divided by 637?
634
What is the remainder when 2083413 is divided by 8828?
5
What is the remainder when 205673 is divided by 365?
178
What is the remainder when 647910085 is divided by 6990?
6985
What is the remainder when 145910 is divided by 182?
128
What is the remainder when 35589294 is divided by 921?
12
Calculate the remainder when 1971365 is divided by 32856.
5
Calculate the remainder when 47245 is divided by 731.
461
What is the remainder when 5891240 is divided by 179?
171
What is the remainder when 37793234 is divided by 818?
816
Calculate the remainder when 9493 is divided by 326.
39
Calculate the remainder when 4636466 is divided by 56.
2
What is the remainder when 8685724 is divided by 16?
12
Calculate the remainder when 40607 is divided by 640.
287
What is the remainder when 238627155 is divided by 916?
911
What is the remainder when 61267 is divided by 437?
87
What is the remainder when 7193944 is divided by 3596568?
808
Calculate the remainder when 19788408 is divided by 50.
8
What is the remainder when 123530 is divided by 123395?
135
What is the remainder when 96473581 is divided by 4461?
4456
What is the remainder when 1003705 is divided by 3270?
3085
What is the remainder when 33523 is divided by 2235?
2233
What is the remainder when 115868282 is divided by 6815780?
22
What is the remainder when 13397 is divided by 1951?
1691
What is the remainder when 985869904 is divided by 2842?
2840
Calculate the remainder when 379636 is divided by 36.
16
What is the remainder when 341330 is divided by 2174?
12
What is the remainder when 30166775 is divided by 52?
15
What is the remainder when 1253568 is divided by 313383?
36
What is the remainder when 605394 is divided by 1228?
1218
What is the remainder when 521882 is divided by 86971?
56
Calculate the remainder when 194966 is divided by 24350.
166
What is the remainder when 632999 is divided by 1688?
1687
Calculate the remainder when 100141 is divided by 9097.
74
Calculate the remainder when 2298183 is divided by 4996.
23
What is the remainder when 117202221 is divided by 29?
26
Calculate the remainder when 524384 is divided by 131095.
4
Calculate the remainder when 73374 is divided by 24455.
9
Calculate the remainder when 5599918 is divided by 11067.
16
Calculate the remainder when 178898 is divided by